{"id":38,"date":"2010-12-03T13:56:16","date_gmt":"2010-12-03T13:56:16","guid":{"rendered":"http:\/\/www.solfruit.dev"},"modified":"2019-09-05T10:22:15","modified_gmt":"2019-09-05T09:22:15","slug":"produkte","status":"publish","type":"page","link":"https:\/\/www.solfruit.de\/?page_id=38","title":{"rendered":"Produkte"},"content":{"rendered":"<p>Solfruit GmbH stellt die ideale Verbindung zwischen Ablader und Abnehmer her.<\/p>\n<p>Die Kundenw\u00fcnsche werden mit den Abladern detailliert besprochen, sodass die jeweiligen Verpackungen, die Qualit\u00e4tsanspr\u00fcche in Geschmack und Optik, die Details in der Warenkennzeichnung etc. ganz individuell ber\u00fccksichtigt werden k\u00f6nnen.<br \/>\nEs versteht sich von selbst, dass\u00a0 wir fast ausschliesslich von Global Gap zertifizierten Betrieben beliefert werden.<\/p>\n<h2>Marken<\/h2>\n<p><strong>Kernobst:<\/strong> Actel \/ \u00a0 Frulesa \/ Benvifont<\/p>\n<p><strong>Steinobst:<\/strong> El Recreo \u2022\u00a0\u00a0Zamora \u2022 Rosa \u2022 Villacruz \u2022 Fruvaygo\u00a0 \u2022 Agarcam \u2022\u00a0Agra &#8211;\u00a0Naturcrex &#8211; Actel \u2022 Vegafrut<\/p>\n<p><strong>Kirschen:<\/strong> La Rivera \u2022 Ruby \u2022 Cerezas de Navaconejo &#8211; Crex<\/p>\n<p><strong>Erdbeeren: <\/strong>Platero \u2022\u00a0Arena \u2022 Fuentepi\u00f1a \u2022 Cala &#8211;\u00a0Daria \u2022 Alfredo \u2022<\/p>\n<p><strong>Zitrus: <\/strong>La Betica \u2022\u00a0Tono \u2022 Caminito \u2022\u00a0Rada \u2022 \u00a0 Vegafrut \u2022 \u00a0 Sulema \u2022\u00a0La Gitana\u00a0\u2022\u00a0Frucimu \u2022<\/p>\n<p><strong>Spargel gr\u00fcn: <\/strong>Cesurca \u2022\u00a0Sierra de Loja\u00a0\u2022 Luxe \u00a0\u2022 El Torcal &#8211; Taxara- Hortovilla- Fraespa<\/p>\n","protected":false},"excerpt":{"rendered":"<p>Solfruit GmbH stellt die ideale Verbindung zwischen Ablader und Abnehmer her. Die Kundenw\u00fcnsche werden mit den Abladern detailliert besprochen, sodass die jeweiligen Verpackungen, die Qualit\u00e4tsanspr\u00fcche in Geschmack und Optik, die Details in der Warenkennzeichnung etc. ganz individuell ber\u00fccksichtigt werden k\u00f6nnen. Es versteht sich von selbst, dass\u00a0 wir fast ausschliesslich von Global Gap zertifizierten Betrieben beliefert [&hellip;]<\/p>\n","protected":false},"author":1,"featured_media":0,"parent":0,"menu_order":4,"comment_status":"closed","ping_status":"closed","template":"","meta":{"footnotes":""},"class_list":["post-38","page","type-page","status-publish","hentry"],"_links":{"self":[{"href":"https:\/\/www.solfruit.de\/index.php?rest_route=\/wp\/v2\/pages\/38","targetHints":{"allow":["GET"]}}],"collection":[{"href":"https:\/\/www.solfruit.de\/index.php?rest_route=\/wp\/v2\/pages"}],"about":[{"href":"https:\/\/www.solfruit.de\/index.php?rest_route=\/wp\/v2\/types\/page"}],"author":[{"embeddable":true,"href":"https:\/\/www.solfruit.de\/index.php?rest_route=\/wp\/v2\/users\/1"}],"replies":[{"embeddable":true,"href":"https:\/\/www.solfruit.de\/index.php?rest_route=%2Fwp%2Fv2%2Fcomments&post=38"}],"version-history":[{"count":26,"href":"https:\/\/www.solfruit.de\/index.php?rest_route=\/wp\/v2\/pages\/38\/revisions"}],"predecessor-version":[{"id":755,"href":"https:\/\/www.solfruit.de\/index.php?rest_route=\/wp\/v2\/pages\/38\/revisions\/755"}],"wp:attachment":[{"href":"https:\/\/www.solfruit.de\/index.php?rest_route=%2Fwp%2Fv2%2Fmedia&parent=38"}],"curies":[{"name":"wp","href":"https:\/\/api.w.org\/{rel}","templated":true}]}}