{"id":158,"date":"2010-12-10T11:36:50","date_gmt":"2010-12-10T10:36:50","guid":{"rendered":"http:\/\/www.solfruit.dev\/?page_id=158"},"modified":"2019-09-05T10:32:13","modified_gmt":"2019-09-05T09:32:13","slug":"links","status":"publish","type":"page","link":"https:\/\/www.solfruit.de\/?page_id=158","title":{"rendered":"Links"},"content":{"rendered":"<p><a href=\"http:\/\/www.landesverband-fruechte-bw.de\/\" target=\"_blank\" rel=\"noopener noreferrer\">Landesverband Baden-W\u00fcrttemberg des Fr\u00fcchte-Import und -Gro\u00dfhandels e.V.<\/a><\/p>\n<p><a href=\"http:\/\/www.fruchtportal.de\" target=\"_blank\" rel=\"noopener noreferrer\">Fruchtportal.de<\/a><\/p>\n","protected":false},"excerpt":{"rendered":"<p>Landesverband Baden-W\u00fcrttemberg des Fr\u00fcchte-Import und -Gro\u00dfhandels e.V. Fruchtportal.de<\/p>\n","protected":false},"author":1,"featured_media":0,"parent":9,"menu_order":10,"comment_status":"closed","ping_status":"closed","template":"","meta":{"footnotes":""},"class_list":["post-158","page","type-page","status-publish","hentry"],"_links":{"self":[{"href":"https:\/\/www.solfruit.de\/index.php?rest_route=\/wp\/v2\/pages\/158","targetHints":{"allow":["GET"]}}],"collection":[{"href":"https:\/\/www.solfruit.de\/index.php?rest_route=\/wp\/v2\/pages"}],"about":[{"href":"https:\/\/www.solfruit.de\/index.php?rest_route=\/wp\/v2\/types\/page"}],"author":[{"embeddable":true,"href":"https:\/\/www.solfruit.de\/index.php?rest_route=\/wp\/v2\/users\/1"}],"replies":[{"embeddable":true,"href":"https:\/\/www.solfruit.de\/index.php?rest_route=%2Fwp%2Fv2%2Fcomments&post=158"}],"version-history":[{"count":3,"href":"https:\/\/www.solfruit.de\/index.php?rest_route=\/wp\/v2\/pages\/158\/revisions"}],"predecessor-version":[{"id":790,"href":"https:\/\/www.solfruit.de\/index.php?rest_route=\/wp\/v2\/pages\/158\/revisions\/790"}],"up":[{"embeddable":true,"href":"https:\/\/www.solfruit.de\/index.php?rest_route=\/wp\/v2\/pages\/9"}],"wp:attachment":[{"href":"https:\/\/www.solfruit.de\/index.php?rest_route=%2Fwp%2Fv2%2Fmedia&parent=158"}],"curies":[{"name":"wp","href":"https:\/\/api.w.org\/{rel}","templated":true}]}}

<p><a href="http://www.landesverband-fruechte-bw.de/" target="_blank" rel="noopener noreferrer">Landesverband Baden-Württemberg des Früchte-Import und -Großhandels e.V.</a></p>
<p><a href="http://www.fruchtportal.de" target="_blank" rel="noopener noreferrer">Fruchtportal.de</a></p>

<p>Landesverband Baden-Württemberg des Früchte-Import und -Großhandels e.V. Fruchtportal.de</p>
