{"id":15,"date":"2010-12-02T15:24:31","date_gmt":"2010-12-02T15:24:31","guid":{"rendered":"http:\/\/www.solfruit.dev"},"modified":"2019-09-05T10:04:27","modified_gmt":"2019-09-05T09:04:27","slug":"die-firma","status":"publish","type":"page","link":"https:\/\/www.solfruit.de\/?page_id=15","title":{"rendered":"Die Firma"},"content":{"rendered":"<p>Die Solfruit Fruchthandels-Agentur GmbH wurde 1991 von erfahrenen Fruchtkaufleuten gegr\u00fcndet.<\/p>\n<p>Sie ist auf den Frischobst- und Frischgem\u00fcseimport aus Spanien spezialisiert.<\/p>\n<p>Zu unseren vielen Stammkunden, die uns je nach Saisonartikel \u00fcber das ganze Jahr begleiten, bestehen enge, freundschaftliche, auf gegenseitiges Vertrauen gest\u00fctzte Verbindungen.<\/p>\n","protected":false},"excerpt":{"rendered":"<p>Die Solfruit Fruchthandels-Agentur GmbH wurde 1991 von erfahrenen Fruchtkaufleuten gegr\u00fcndet. Sie ist auf den Frischobst- und Frischgem\u00fcseimport aus Spanien spezialisiert. Zu unseren vielen Stammkunden, die uns je nach Saisonartikel \u00fcber das ganze Jahr begleiten, bestehen enge, freundschaftliche, auf gegenseitiges Vertrauen gest\u00fctzte Verbindungen.<\/p>\n","protected":false},"author":1,"featured_media":0,"parent":0,"menu_order":2,"comment_status":"closed","ping_status":"closed","template":"","meta":{"footnotes":""},"class_list":["post-15","page","type-page","status-publish","hentry"],"_links":{"self":[{"href":"https:\/\/www.solfruit.de\/index.php?rest_route=\/wp\/v2\/pages\/15","targetHints":{"allow":["GET"]}}],"collection":[{"href":"https:\/\/www.solfruit.de\/index.php?rest_route=\/wp\/v2\/pages"}],"about":[{"href":"https:\/\/www.solfruit.de\/index.php?rest_route=\/wp\/v2\/types\/page"}],"author":[{"embeddable":true,"href":"https:\/\/www.solfruit.de\/index.php?rest_route=\/wp\/v2\/users\/1"}],"replies":[{"embeddable":true,"href":"https:\/\/www.solfruit.de\/index.php?rest_route=%2Fwp%2Fv2%2Fcomments&post=15"}],"version-history":[{"count":19,"href":"https:\/\/www.solfruit.de\/index.php?rest_route=\/wp\/v2\/pages\/15\/revisions"}],"predecessor-version":[{"id":708,"href":"https:\/\/www.solfruit.de\/index.php?rest_route=\/wp\/v2\/pages\/15\/revisions\/708"}],"wp:attachment":[{"href":"https:\/\/www.solfruit.de\/index.php?rest_route=%2Fwp%2Fv2%2Fmedia&parent=15"}],"curies":[{"name":"wp","href":"https:\/\/api.w.org\/{rel}","templated":true}]}}